 units digit of 176212387?
7
What is the units digit of 509582819?
9
What is the tens digit of 152186608?
0
What is the hundred millions digit of 646033614?
6
What is the units digit of 547499309?
9
What is the hundred thousands digit of 30509913?
5
What is the ten millions digit of 38189443?
3
What is the millions digit of 138351834?
8
What is the tens digit of 94688537?
3
What is the hundreds digit of 62331668?
6
What is the hundred thousands digit of 50128583?
1
What is the thousands digit of 4394128789?
8
What is the hundred millions digit of 1934358606?
9
What is the tens digit of 19462010?
1
What is the ten thousands digit of 19678597?
7
What is the ten millions digit of 235776023?
3
What is the thousands digit of 3374192167?
2
What is the hundreds digit of 67066853?
8
What is the millions digit of 89195772?
9
What is the hundred millions digit of 165433766?
1
What is the ten thousands digit of 692370992?
7
What is the ten millions digit of 125525534?
2
What is the ten millions digit of 20643622?
2
What is the units digit of 73365967?
7
What is the hundred thousands digit of 1792074012?
0
What is the hundreds digit of 750948442?
4
What is the thousands digit of 58738945?
8
What is the thousands digit of 57563413?
3
What is the millions digit of 23659480?
3
What is the units digit of 50228120?
0
What is the hundreds digit of 270838449?
4
What is the hundred millions digit of 110857834?
1
What is the hundreds digit of 1860760472?
4
What is the hundreds digit of 506491367?
3
What is the hundred millions digit of 279286270?
2
What is the millions digit of 246972705?
6
What is the units digit of 59819485?
5
What is the ten thousands digit of 764144402?
4
What is the tens digit of 414336774?
7
What is the hundreds digit of 2498161857?
8
What is the billions digit of 6361918508?
6
What is the ten millions digit of 36689061?
3
What is the billions digit of 1662231246?
1
What is the hundred thousands digit of 307742010?
7
What is the ten millions digit of 78541371?
7
What is the hundreds digit of 54601049?
0
What is the hundreds digit of 1419660673?
6
What is the billions digit of 1136194528?
1
What is the millions digit of 631195589?
1
What is the tens digit of 288607262?
6
What is the tens digit of 590022168?
6
What is the hundreds digit of 1311617001?
0
What is the ten thousands digit of 680985818?
8
What is the hundreds digit of 5159684264?
2
What is the hundreds digit of 33029060?
0
What is the hundred thousands digit of 718128896?
1
What is the hundred thousands digit of 1859960603?
9
What is the tens digit of 286908460?
6
What is the thousands digit of 145877214?
7
What is the millions digit of 22454704?
2
What is the millions digit of 3194219172?
4
What is the ten millions digit of 334641470?
3
What is the units digit of 50695486?
6
What is the millions digit of 74206028?
4
What is the units digit of 683801646?
6
What is the millions digit of 166477376?
6
What is the ten millions digit of 277376422?
7
What is the tens digit of 48128368?
6
What is the millions digit of 243122800?
3
What is the thousands digit of 36482592?
2
What is the hundreds digit of 3344495556?
5
What is the hundred thousands digit of 13077924?
0
What is the hundred thousands digit of 535833674?
8
What is the ten millions digit of 12936896?
1
What is the tens digit of 5398005727?
2
What is the billions digit of 1716072943?
1
What is the ten thousands digit of 830306374?
0
What is the hundred millions digit of 453888918?
4
What is the hundred millions digit of 180903911?
1
What is the hundreds digit of 49618157?
1
What is the hundred thousands digit of 171424499?
4
What is the ten millions digit of 933000078?
3
What is the millions digit of 2158306368?
8
What is the units digit of 3607825558?
8
What is the ten thousands digit of 78982938?
8
What is the billions digit of 3143475353?
3
What is the ten millions digit of 120987803?
2
What is the hundred thousands digit of 72226906?
2
What is the ten millions digit of 3109323158?
0
What is the hundred millions digit of 666102226?
6
What is the ten thousands digit of 543468127?
6
What is the ten millions digit of 235582289?
3
What is the hundred thousands digit of 363255958?
2
What is the tens digit of 733196004?
0
What is the units digit of 21115465?
5
What is the ten millions digit of 286779247?
8
What is the millions digit of 591278839?
1
What is the thousands digit of 29167037?
7
What is the billions digit of 1718896128?
1
What is the hundred thousands digit of 248941679?
9
What is the thousands digit of 53235316?
5
What is the tens digit of 155977571?
7
What is the hundred thousands digit of 1221339278?
3
What is the hundred thousands digit of 70432255?
4
What is the millions digit of 92239072?
2
What is the hundred millions digit of 268662397?
2
What is the hundred millions digit of 472579129?
4
What is the thousands digit of 105368611?
8
What is the ten thousands digit of 4740132074?
3
What is the units digit of 62472608?
8
What is the millions digit of 804505418?
4
What is the tens digit of 9999026?
2
What is the units digit of 60050973?
3
What is the millions digit of 1639465240?
9
What is the units digit of 220614214?
4
What is the tens digit of 17737394?
9
What is the ten thousands digit of 47268503?
6
What is the tens digit of 1687648333?
3
What is the tens digit of 2563792118?
1
What is the units digit of 84699654?
4
What is the hundreds digit of 2219200921?
9
What is the tens digit of 93130904?
0
What is the hundred thousands digit of 2487816256?
8
What is the thousands digit of 54762184?
2
What is the hundred thousands digit of 3338311821?
3
What is the millions digit of 115102399?
5
What is the ten thousands digit of 14085624?
8
What is the units digit of 82367292?
2
What is the millions digit of 7946897?
7
What is the hundreds digit of 164010854?
8
What is the millions digit of 113169038?
3
What is the thousands digit of 8154687?
4
What is the hundred thousands digit of 4117798784?
7
What is the tens digit of 209813972?
7
What is the tens digit of 299155670?
7
What is the hundred millions digit of 264026957?
2
What is the hundreds digit of 811987187?
1
What is the hundreds digit of 142459444?
4
What is the ten millions digit of 66038290?
6
What is the units digit of 47236919?
9
What is the tens digit of 147559929?
2
What is the hundreds digit of 101128095?
0
What is the thousands digit of 16690444?
0
What is the hundred millions digit of 562972161?
5
What is the billions digit of 2314086928?
2
What is the thousands digit of 527523?
7
What is the ten thousands digit of 284925642?
2
What is the units digit of 1002398606?
6
What is the hundreds digit of 46338285?
2
What is the hundred thousands digit of 323898513?
8
What is the ten thousands digit of 465347923?
4
What is the thousands digit of 320131256?
1
What is the ten thousands digit of 843228054?
2
What is the millions digit of 516741315?
6
What is the hundred millions digit of 8725275008?
7
What is the tens digit of 1995255844?
4
What is the billions digit of 4552259864?
4
What is the units digit of 101917693?
3
What is the thousands digit of 797203620?
3
What is the ten thousands digit of 386416669?
1
What is the hundred thousands digit of 179930204?
9
What is the hundred millions digit of 4707086438?
7
What is the units digit of 283757432?
2
What is the units digit of 6829226337?
7
What is the thousands digit of 64492762?
2
What is the thousands digit of 2132191708?
1
What is the hundreds digit of 163999833?
8
What is the tens digit of 44530625?
2
What is the thousands digit of 29684981?
4
What is the ten thousands digit of 366702219?
0
What is the hundred thousands digit of 124494017?
4
What is the millions digit of 91361949?
1
What is the hundred thousands digit of 386541421?
5
What is the tens digit of 38489571?
7
What is the tens digit of 973740878?
7
What is the tens digit of 141640660?
6
What is the tens digit of 340612398?
9
What is the hundred thousands digit of 208303354?
3
What is the ten thousands digit of 170128273?
2
What is the ten thousands digit of 214637999?
3
What is the ten thousands digit of 3494944478?
4
What is the units digit of 33935986?
6
What is the hundreds digit of 2839929336?
3
What is the units digit of 3850437830?
0
Wh